 what is -30 - -33d?
30d
In base 11, what is -774 - -1?
-773
In base 8, what is 255 - -1?
256
In base 11, what is -16 + 61?
46
In base 8, what is 2 - -135?
137
In base 11, what is -542 + 4?
-539
In base 2, what is 111001 + -101?
110100
In base 12, what is 830 + -3?
829
In base 4, what is -11 + 230?
213
In base 13, what is -1 + -4a9?
-4aa
In base 16, what is -50 - -4?
-4c
In base 11, what is 197 - 6?
191
In base 13, what is -11 + 136?
125
In base 9, what is 448 - 0?
448
In base 7, what is -12316 + -3?
-12322
In base 10, what is 90 + 19?
109
In base 15, what is -4 - 123d?
-1242
In base 6, what is -5320 - 0?
-5320
In base 7, what is -3 + -2?
-5
In base 3, what is 20 + 111?
201
In base 11, what is -116 - -5?
-111
In base 5, what is -10 + 144?
134
In base 5, what is 1 - -3213?
3214
In base 4, what is -11023 + 310?
-10113
In base 10, what is -4 - 209?
-213
In base 5, what is -10 - -11?
1
In base 10, what is 9 - -10?
19
In base 15, what is 5 + -4ad?
-4a8
In base 2, what is 1100111001 + 101?
1100111110
In base 13, what is 3 - -25?
28
In base 2, what is -10100 + 1101?
-111
In base 15, what is 4890 - -4?
4894
In base 9, what is -4 + 46?
42
In base 13, what is 3 + -65?
-62
In base 7, what is 30634 + 0?
30634
In base 12, what is b6 - -4?
ba
In base 11, what is 8 - 20?
-13
In base 12, what is 92 - -2?
94
In base 2, what is 0 - 1111110100?
-1111110100
In base 13, what is 34 - -4?
38
In base 7, what is 6 + -1365?
-1356
In base 6, what is 0 - 1121?
-1121
In base 14, what is -5 + -38?
-3d
In base 12, what is 55 + -3?
52
In base 7, what is 3240 - -16?
3256
In base 8, what is 205 + 5?
212
In base 7, what is -43 + -10?
-53
In base 8, what is -126 - 2?
-130
In base 3, what is 111 - 1011?
-200
In base 14, what is -5 - 28c?
-293
In base 9, what is -24 - -3?
-21
In base 6, what is 15 + 52?
111
In base 16, what is 3 + -13?
-10
In base 8, what is -1017 - -2?
-1015
In base 5, what is -2341 + 44?
-2242
In base 12, what is 5 + 20?
25
In base 7, what is 333 - 4?
326
In base 15, what is 1 - -138?
139
In base 3, what is 11 - -2102?
2120
In base 16, what is 136 - 0?
136
In base 9, what is 133 - -4?
137
In base 2, what is -1 - 1110?
-1111
In base 13, what is 44 - 10?
34
In base 10, what is 8 + 188?
196
In base 11, what is -31 + a0?
6a
In base 10, what is 27 - 11?
16
In base 16, what is 624 + 6?
62a
In base 16, what is -5 - 5b?
-60
In base 5, what is 10 + -21?
-11
In base 2, what is 1100110001011 + -101?
1100110000110
In base 14, what is -1 - a?
-b
In base 8, what is -5 - -1077?
1072
In base 16, what is 202 + -6?
1fc
In base 10, what is 12459 + 5?
12464
In base 13, what is 11 + 183?
194
In base 10, what is 2528 + 1?
2529
In base 2, what is -101 + 11001011010?
11001010101
In base 10, what is 1 + 223?
224
In base 11, what is 149 - -4?
152
In base 16, what is 0 - 4a?
-4a
In base 10, what is -5 + -18?
-23
In base 10, what is 1 + -298?
-297
In base 16, what is f5 + -3?
f2
In base 13, what is -11b + -1?
-11c
In base 15, what is 379c + 4?
37a1
In base 9, what is 308 + -53?
245
In base 15, what is 5e - b?
53
In base 7, what is -43232 - 2?
-43234
In base 10, what is -21 + -27?
-48
In base 10, what is -351 - 10?
-361
In base 13, what is -1 - 61?
-62
In base 9, what is 0 - 3158?
-3158
In base 15, what is -48 + 5?
-43
In base 14, what is 4 - 632?
-62c
In base 16, what is 0 - 54?
-54
In base 4, what is -2233 - -20?
-2213
In base 8, what is 1 + -65?
-64
In base 2, what is 1101110 - 100?
1101010
In base 13, what is 2 - 2?
0
In base 11, what is 235 + 58?
292
In base 8, what is -656 - 16?
-674
In base 5, what is 1023 - 341?
132
In base 14, what is 2 + 269?
26b
In base 13, what is 6a0c - 3?
6a09
In base 5, what is -212 + -2?
-214
In base 8, what is 105 - 77?
6
In base 6, what is -5 + 54035?
54030
In base 10, what is 3 - 97?
-94
In base 12, what is -2 + 60?
5a
In base 5, what is 44 + 21?
120
In base 2, what is 100 + -110001100?
-110001000
In base 2, what is -11010110 + 101?
-11010001
In base 11, what is 1 + 1053?
1054
In base 4, what is -3020 + -12?
-3032
In base 9, what is 63 - 2?
61
In base 9, what is 2 + 144?
146
In base 10, what is -1 + 380?
379
In base 2, what is -100100 + 100?
-100000
In base 3, what is 1 - 101221?
-101220
In base 10, what is -459 - 3?
-462
In base 14, what is -2 + 1c4?
1c2
In base 12, what is -1 + -1025?
-1026
In base 14, what is 10 + 3?
13
In base 3, what is -212020010 - -2?
-212020001
In base 4, what is 2033300 + -10?
2033230
In base 16, what is 1 + 1b?
1c
In base 10, what is 193 - 19?
174
In base 7, what is -26 + 1?
-25
In base 13, what is -32 - 2?
-34
In base 11, what is 747 + 4?
750
In base 13, what is -166 + 5?
-161
In base 8, what is 206 - 127?
57
In base 12, what is 3 + -208?
-205
In base 16, what is 75 - -2?
77
In base 15, what is -30 + 2?
-2d
In base 10, what is 4 - -18?
22
In base 5, what is 4 + 121?
130
In base 15, what is 0 + 53?
53
In base 13, what is -1 + 22?
21
In base 7, what is 5 - 3010?
-3002
In base 11, what is 10aa - 3?
10a7
In base 5, what is 1 + -301122?
-301121
In base 11, what is -6 + 67?
61
In base 9, what is 1328 + -4?
1324
In base 16, what is 70 - a?
66
In base 12, what is 8 + 74?
80
In base 3, what is -102 - -1222?
1120
In base 11, what is -11 - 395?
-3a6
In base 4, what is 112201 + 0?
112201
In base 2, what is -1010100 - -1101?
-1000111
In base 2, what is 1110101 - 1111?
1100110
In base 15, what is 1a3 - 0?
1a3
In base 6, what is -4 - 1311?
-1315
In base 10, what is -1 - -2?
1
In base 6, what is -3 + -44?
-51
In base 8, what is 14 - -327?
343
In base 13, what is -2 + -27a2?
-27a4
In base 8, what is 1 + -5664?
-5663
In base 16, what is -5 + -7d1?
-7d6
In base 13, what is -ab - -1c?
-8c
In base 5, what is -12111 + 14?
-12042
In base 9, what is 203 - -5?
208
In base 14, what is 6 - 84?
-7c
In base 4, what is -3 + 222?
213
In base 7, what is 1 + -463?
-462
In base 14, what is -2 + -356?
-358
In base 7, what is -4 - 342?
-346
In base 10, what is -1 - -37?
36
In base 5, what is 3 + 1441?
1444
In base 15, what is -39 - 38?
-72
In base 13, what is -1a4 + 4?
-1a0
In base 16, what is -8 + -185?
-18d
In base 12, what is 7 - -199?
1a4
In base 13, what is 4 - -699?
6a0
In base 4, what is 1 - 3032?
-3031
In base 12, what is 161 + 0?
161
In base 16, what is 64 - 1?
63
In base 16, what is -5 + -14?
-19
In base 10, what is -5 - -23?
18
In base 15, what is -c + 1d?
11
In base 6, what is -22 + -24?
-50
In base 2, what is 1000001111010 - -100?
1000001111110
In base 4, what is 10200112 - -10?
10200122
In base 13, what is -1 - -7c?
7b
In base 15, what is -d - 26?
-34
In base 11, what is 27a0 + -3?
2798
In base 14, what is -80d + 2?
-80b
In base 9, what is 23 + -134?
-111
In base 13, what is -187a3 - 5?
-187a8
In base 4, what is 3 - 1132?
-1123
In base 7, what is -16 + 124?
105
In base 5, what is 32 + 3004?
3041
In base 10, what is -4 - 3093?
-3097
In base 3, what is -2 + 12?
10
In base 5, what is 30 + 313?
343
In base 11, what is -5 - -5?
0
In base 9, what is 1240 + 5?
1245
In base 5, what is -104 + -2?
-111
In base 5, what is -14 - -24?
10
In base 13, what is 4 - -8?
c
In base 14, what is -bb19 - 5?
-bb20
In base 7, what is -42 - 324?
-366
In base 2, what is 101 + -11000101?
-11000000
In base 7, what is 355 - -6?
364
In base 15, what is 3 - e?
-b
In base 14, what is -187 + -5?
-18c
In base 2, what is 0 + -100010?
-100010
In base 8, what is -4 + 43?
37
In base 8, what is -4 + -155?
-161
In base 10, what is -20 - -614?
594
In base 12, what is -6 - -1?
-5
In base 10, what is -4 - -5965?
5961
In base 6, what is -5 + 301?
252
In base 13, what is -315 - 2?
-317
In base 15, what is -12 + -1?
-13
In base 12, what is -2 - -37?
35
In base 14, what is -2 + -26?
-28
In base 6, what is 2012 - -4?
2020
In base 14, what is -1c + -3?
-21
In base 16, what is -22 + -c7?
-e9
In base 6, what is 154 + -1155?
-1001
In base 5, what is 1 + 3?
4
In base 16, what is 2e8 + 2?
2ea
In base 15, what is 3 - 97?
-94
In base 4, what is -11 + -2101?
-2112
In base 14, what is 7 - -3a?
43
In base 3, what is -11 + -122001?
-122012
In base 13, what is 12 - -92?
a4
In base 8, what is 6 + 47?
55
In base 4, what is 2 - -32?
100
In base 16, what is 12 - 55?
-43
In base 16, what is 4 - -13?
17
In base 15, what is -9 + 46d?
464
In base 6, what is 11 + -21?
-10
In base 4, what is -23 - 211?
-300
In base